-g*n + 145. What is the remainder when n is divided by 72?
50
Let v = 50 - 35. What is the remainder when (28/406 - 415/(-290))*58/3 is divided by v?
14
Let m(h) = 43*h - 264. What is the remainder when m(28) is divided by 59?
55
Suppose 0 = x + 1 - 6. Suppose 0 = a - x, 3*r - 5*a = -0*a + 23. Let u(t) = -23*t + 25. Calculate the remainder when u(-10) is divided by r.
15
Calculate the remainder when 6110/(-75)*(-3 - 3) - (-15)/75 is divided by 38.
33
Suppose 0 = -j + 1821 + 369. Suppose 2*c - 4*o - 876 = 0, c + 4*o = -4*c + j. Calculate the remainder when c is divided by 63.
60
Let a = -7109 - -7512. What is the remainder when a is divided by 2?
1
Let j(m) = 8*m**2 - 25*m + 13. Let u be j(3). Suppose -u*o + 295 = 215. Calculate the remainder when 597 is divided by o.
5
Suppose -40*h + 567 = -37*h - 4*s, h - s = 188. Suppose 18*b - h = 535. Calculate the remainder when 1197 is divided by b.
37
Suppose 0 = 736*k - 763*k + 459. Calculate the remainder when 1222 is divided by k.
15
Let p(c) be the first derivative of c**3 - 5*c + 1/2*c**2 - 5. Calculate the remainder when p(-4) is divided by 21.
18
Let h = -4799 - -4986. Calculate the remainder when 8039 is divided by h.
185
Calculate the remainder when 2680/1 + 3 + (-7 - (1 + -11)) is divided by 55.
46
Suppose -5*u + 33 + 3 = 4*m, -m = -u. Suppose 0 = u*i + q - 241, 4*i - 5*q - 283 = -72. What is the remainder when 353 is divided by i?
58
Suppose -2*c + 3 - 7 = 0, -c = 4*j - 10. Suppose -471 = -j*h - 141. Calculate the remainder when h is divided by (14 - (-14)/1)*(-8)/(-14).
14
Suppose 0 = -950*a + 913*a + 14060. What is the remainder when a is divided by 66?
50
Let y = -14 + 37. Let s(u) = u**3 - 18*u**2 - 45*u + 112. Let h be ((-2)/(-8))/(4/336) + -1. What is the remainder when y is divided by s(h)?
11
Let z(n) = -2*n**2 + 173*n + 851. Calculate the remainder when z(85) is divided by 139.
133
Suppose 0 = -4*j + 5*u + 62, 25*u = j + 21*u - 21. Suppose y - 5*b - j = 60, 5*y = -5*b + 305. What is the remainder when 121 is divided by y?
58
Let h(b) = b + 12. Let s be -12*-3*(-8)/36. Let r be h(s). Suppose 2*v = -4*q + 24, 4*v = -q + r*q - 29. Calculate the remainder when 25 is divided by q.
4
Let s = -16536 + 16642. What is the remainder when 1571 is divided by s?
87
Let g = -358 - -364. Let v(h) = -5*h + 37. What is the remainder when 110 is divided by v(g)?
5
Calculate the remainder when 904120/(-420)*(10/(-4) + 1) is divided by 53.
49
Let g = -110 - -142. Let s = g + -30. Suppose -n - s*n = -666. What is the remainder when n is divided by 28?
26
Suppose -915 = -23*w + 603. What is the remainder when 96 is divided by w?
30
What is the remainder when 285 is divided by 16/36 + 25061/171?
138
Suppose -2*s + 352 = -6*i + 2*i, -i = -4*s + 704. Suppose 2*b + 2*u - s = 0, 8 = -6*u + 2*u. What is the remainder when b is divided by 19?
14
Let g = 17 + -28. Let c(t) = 2*t - 39. Let a be c(16). Let k = a - g. Calculate the remainder when 27 is divided by k.
3
Let j = 3281 + -3188. Calculate the remainder when j is divided by 27.
12
Let n = -371 + 416. Suppose 4*z = n + 83. Calculate the remainder when 127 is divided by z.
31
Suppose -3*x + 15 = -0. Suppose -x*k = 3*v - 242, -4*v + 58 = k - v. Let r = 102 - 94. Calculate the remainder when k is divided by r.
6
Let o = -4432 - -5418. What is the remainder when o is divided by 13?
11
Suppose 6*n = 3*n + 6, 3*n = -4*u + 366. Suppose -g = g - u. Calculate the remainder when 6202/35 + 1 + ((-48)/(-10) - 4) is divided by g.
44
Suppose -26*h + 1064 = 30*h. Let d(u) = 3*u**2 + 5*u + 3. Calculate the remainder when d(4) is divided by h.
14
Let n = 17 - 7. Let p(r) = r**3 + 107*r**2 - 3455*r + 432. What is the remainder when p(-133) is divided by n?
3
Let j = -82 + 88. Suppose -11*u = -j*u - 240. What is the remainder when 58 is divided by u?
10
Suppose c = 2*m + 5, 2*m - 124*c = -125*c + 21. Suppose w - 3*w - 52 = 0. Let k = 36 + w. What is the remainder when k is divided by m?
2
Suppose 41*v = 2824 - 77. What is the remainder when 189 is divided by v?
55
Let d = 4480 - 4476. Calculate the remainder when 558 is divided by d.
2
Let u = 20 - 6. Let n(t) = 17*t**3 - 3*t**2 + 2*t. Let j be n(1). Calculate the remainder when ((-8)/(-1))/(j/80) is divided by u.
12
Let x(r) = 42*r - 1156. What is the remainder when 935 is divided by x(30)?
103
Let g = -12 + 16. Suppose -3*o - 5*r + 22 = 0, g*r + 44 = 2*o - 0*o. What is the remainder when -201*(-3 - 1)/12 is divided by o?
11
Let g = 180 - 133. Suppose -g*m - 223 = -928. Calculate the remainder when 42 is divided by m.
12
Let r = -6 + 21. Let b(z) = -13*z + 32*z - 8*z - 27 - 8*z. Calculate the remainder when 50 is divided by b(r).
14
Let g(j) = 83*j + 256. Calculate the remainder when 363 is divided by g(-2).
3
Let c = 1800 + -1712. Calculate the remainder when c is divided by 6/(6/(-3)) + 31.
4
Let f = -2669 + 2693. What is the remainder when 8903 is divided by f?
23
Suppose -5*o - 33 = 2*b - 129, -o - 5*b + 33 = 0. Calculate the remainder when 874 is divided by o.
10
Let l be 4/6*-1*27. Let b = 12 - l. Let k(z) = 1369*z + 46554. Calculate the remainder when b is divided by k(-34).
6
Let f(j) = -50*j - 8. Let s be f(-2). Let w = s + -51. Let n = -33 + w. Calculate the remainder when 31 is divided by n.
7
Suppose 16*q = 4*q + 204. Let v = q - 4. Suppose -15*j = -11*j - 188. Calculate the remainder when j is divided by v.
8
Suppose 2*m - 5*m = -5*o - 38, 3*o - 6 = 0. What is the remainder when 424 is divided by m?
8
Let w = -126 - -39. What is the remainder when 71 is divided by (w/(-15) - 2)/(13/65)?
14
Suppose -7*t - 3371 = -12758. Suppose t - 4656 = -13*o. Suppose 3*n + o = 6*n. Calculate the remainder when n is divided by 29.
27
Let k = -458 - -988. Calculate the remainder when 2/6 - (-2 - k/30) is divided by 1/(-4) - (-21)/4.
0
Let n be (1 + -2 - 37)/((-2)/1). Suppose n*c = 24*c - 230. Suppose 4*k - 3*j - c = 0, 2*j + 35 = -0*k + 3*k. What is the remainder when 25 is divided by k?
12
Let z be 25/15*(-18)/(-10). Let h = 38 - z. What is the remainder when 121 is divided by h?
16
What is the remainder when (-16135)/105*(-1 - (-3 + 4 - -1)) is divided by 139?
44
Suppose 48*b = 70*b + 132. What is the remainder when 53 is divided by (-4)/b*(-21)/(-2)?
4
Let g(s) = -41*s - 430. What is the remainder when 2597 is divided by g(-11)?
14
Let p be (-10)/(-2)*(-54)/10. Let w(a) = -a**3 + 6*a**2 - 3*a + 15. Let o be w(6). What is the remainder when 32 is divided by 9/(p/(-30)) + o?
4
Suppose 31 = j + 1. Suppose 83 = -12*x + 282 + 197. What is the remainder when x is divided by j?
3
Let w(x) = 0 + 2*x**2 - 20*x**3 - 2*x - 2*x + x - 1 - 1. Calculate the remainder when 78 is divided by w(-1).
9
Let l = 27 - 19. Let m(b) = -b**3 + 7*b**2 + 8*b + 5. Let s be m(l). Suppose -s*q = -10*q + 160. What is the remainder when q is divided by 17?
15
Suppose 16*z - 5*j + 13 = 15*z, 20 = 4*z - 2*j. Suppose -791 = -z*q + 112. What is the remainder when q is divided by 19?
15
Let d be (48/18)/((4 - 1)/135). Suppose -16*w = -6*w - d. Suppose w*g - 137 = 235. What is the remainder when g is divided by 17?
14
Suppose -902 + 2884 = 325*q - 9718. Calculate the remainder when q is divided by 10.
6
Let q(d) = 3*d**3 - 5*d**2 - 9*d + 9. What is the remainder when 3975 is divided by q(3)?
15
What is the remainder when 21*48/(-56) + 1005 is divided by 165?
162
Let m(v) = -2*v**2 + 78*v - 64. What is the remainder when 1822 is divided by m(38)?
10
Let m(u) = -63*u + 5001. What is the remainder when 1285 is divided by m(79)?
13
Let x(p) = 19*p**2 - 2*p - 1. Let f be x(-1). Let t = -16 + f. Let m = 21 - t. What is the remainder when 64 is divided by m?
13
Let g = -2 + 25. Let f = 111657 + -111546. Calculate the remainder when f is divided by g.
19
Calculate the remainder when (39 - 44) + (4047 - 1) is divided by 25.
16
Suppose 2*d + 3*m = -139, d - m = -0*d - 77. Let i = d - -95. Calculate the remainder when 58 is divided by i.
16
Let m = 765 - 696. Calculate the remainder when 211 is divided by m.
4
Let k be 18/15*50/(-20). Let z(c) = 7*c**2 - 4*c - 6. What is the remainder when z(k) is divided by 35?
34
Let v = 10622 + -10374. Calculate the remainder when v is divided by 84.
80
Suppose 82 = -0*p + 2*p. Let b(r) = -20*r**2 + 131*r - 44. Calculate the remaind